 of 36897?
6
What is the units digit of 135663?
3
What is the hundreds digit of 7763?
7
What is the tens digit of 68708?
0
What is the units digit of 54764?
4
What is the hundreds digit of 38502?
5
What is the tens digit of 2460?
6
What is the ten thousands digit of 24055?
2
What is the hundreds digit of 4277?
2
What is the units digit of 1584?
4
What is the hundreds digit of 15883?
8
What is the units digit of 47773?
3
What is the units digit of 75037?
7
What is the thousands digit of 52043?
2
What is the thousands digit of 3603?
3
What is the hundreds digit of 2854?
8
What is the units digit of 20130?
0
What is the hundreds digit of 4575?
5
What is the units digit of 2767?
7
What is the tens digit of 535?
3
What is the units digit of 47927?
7
What is the units digit of 6351?
1
What is the units digit of 758?
8
What is the tens digit of 167941?
4
What is the tens digit of 289?
8
What is the tens digit of 8019?
1
What is the thousands digit of 2397?
2
What is the units digit of 993?
3
What is the thousands digit of 84339?
4
What is the ten thousands digit of 14500?
1
What is the tens digit of 7898?
9
What is the tens digit of 374?
7
What is the thousands digit of 21582?
1
What is the hundreds digit of 7636?
6
What is the ten thousands digit of 21305?
2
What is the units digit of 280?
0
What is the tens digit of 736?
3
What is the hundreds digit of 643?
6
What is the tens digit of 24959?
5
What is the units digit of 2669?
9
What is the units digit of 125208?
8
What is the hundreds digit of 48250?
2
What is the thousands digit of 5798?
5
What is the tens digit of 14011?
1
What is the tens digit of 367?
6
What is the thousands digit of 4584?
4
What is the hundreds digit of 6000?
0
What is the ten thousands digit of 10188?
1
What is the hundreds digit of 52246?
2
What is the ten thousands digit of 42124?
4
What is the thousands digit of 8542?
8
What is the units digit of 33317?
7
What is the tens digit of 4913?
1
What is the units digit of 725?
5
What is the ten thousands digit of 14250?
1
What is the units digit of 1285?
5
What is the tens digit of 2767?
6
What is the units digit of 1104?
4
What is the tens digit of 124245?
4
What is the hundreds digit of 6277?
2
What is the thousands digit of 105683?
5
What is the tens digit of 1359?
5
What is the thousands digit of 14125?
4
What is the tens digit of 108?
0
What is the hundreds digit of 1254?
2
What is the units digit of 101671?
1
What is the ten thousands digit of 10970?
1
What is the thousands digit of 2180?
2
What is the units digit of 71061?
1
What is the tens digit of 906?
0
What is the thousands digit of 28911?
8
What is the tens digit of 1652?
5
What is the units digit of 3496?
6
What is the tens digit of 24140?
4
What is the units digit of 1312?
2
What is the thousands digit of 1643?
1
What is the thousands digit of 7282?
7
What is the units digit of 7581?
1
What is the units digit of 19631?
1
What is the hundreds digit of 4037?
0
What is the tens digit of 2079?
7
What is the hundreds digit of 3249?
2
What is the units digit of 71584?
4
What is the hundreds digit of 304?
3
What is the units digit of 2463?
3
What is the tens digit of 966?
6
What is the units digit of 25337?
7
What is the tens digit of 2771?
7
What is the units digit of 2632?
2
What is the units digit of 1558?
8
What is the thousands digit of 1237?
1
What is the units digit of 5567?
7
What is the tens digit of 501?
0
What is the hundreds digit of 2167?
1
What is the tens digit of 3477?
7
What is the tens digit of 55?
5
What is the hundreds digit of 1968?
9
What is the hundreds digit of 41145?
1
What is the thousands digit of 7473?
7
What is the tens digit of 36670?
7
What is the tens digit of 152?
5
What is the tens digit of 7108?
0
What is the tens digit of 5766?
6
What is the hundred thousands digit of 134356?
1
What is the thousands digit of 16561?
6
What is the hundreds digit of 13593?
5
What is the tens digit of 567?
6
What is the tens digit of 5769?
6
What is the tens digit of 1059?
5
What is the tens digit of 69563?
6
What is the units digit of 792?
2
What is the thousands digit of 27571?
7
What is the tens digit of 3434?
3
What is the units digit of 1716?
6
What is the units digit of 30?
0
What is the hundreds digit of 678?
6
What is the hundreds digit of 870?
8
What is the thousands digit of 1088?
1
What is the hundreds digit of 8051?
0
What is the thousands digit of 1420?
1
What is the hundreds digit of 13509?
5
What is the tens digit of 3294?
9
What is the units digit of 1609?
9
What is the thousands digit of 5253?
5
What is the hundreds digit of 3659?
6
What is the ten thousands digit of 55335?
5
What is the units digit of 1373?
3
What is the hundreds digit of 171?
1
What is the units digit of 16545?
5
What is the thousands digit of 22429?
2
What is the tens digit of 24670?
7
What is the units digit of 784?
4
What is the ten thousands digit of 10908?
1
What is the tens digit of 2838?
3
What is the units digit of 314?
4
What is the units digit of 4570?
0
What is the thousands digit of 96544?
6
What is the thousands digit of 14790?
4
What is the tens digit of 1073?
7
What is the tens digit of 5747?
4
What is the units digit of 45484?
4
What is the tens digit of 4739?
3
What is the thousands digit of 24968?
4
What is the units digit of 8898?
8
What is the tens digit of 545?
4
What is the units digit of 1028?
8
What is the ten thousands digit of 113025?
1
What is the tens digit of 931?
3
What is the thousands digit of 102307?
2
What is the hundreds digit of 1370?
3
What is the tens digit of 22274?
7
What is the units digit of 2282?
2
What is the units digit of 30255?
5
What is the units digit of 15808?
8
What is the tens digit of 9176?
7
What is the units digit of 869?
9
What is the tens digit of 23?
2
What is the hundreds digit of 668?
6
What is the units digit of 2372?
2
What is the hundreds digit of 7928?
9
What is the thousands digit of 47968?
7
What is the tens digit of 2166?
6
What is the hundreds digit of 7588?
5
What is the tens digit of 4097?
9
What is the units digit of 2471?
1
What is the hundreds digit of 1723?
7
What is the tens digit of 539?
3
What is the hundreds digit of 251?
2
What is the units digit of 3685?
5
What is the hundreds digit of 42686?
6
What is the units digit of 12846?
6
What is the tens digit of 1516?
1
What is the ten thousands digit of 12703?
1
What is the units digit of 103896?
6
What is the hundreds digit of 6391?
3
What is the hundreds digit of 1800?
8
What is the units digit of 54366?
6
What is the tens digit of 35258?
5
What is the hundreds digit of 4409?
4
What is the tens digit of 21373?
7
What is the thousands digit of 2196?
2
What is the thousands digit of 2911?
2
What is the hundreds digit of 915?
9
What is the thousands digit of 2921?
2
What is the tens digit of 407?
0
What is the tens digit of 3439?
3
What is the units digit of 9717?
7
What is the thousands digit of 1900?
1
What is the tens digit of 3770?
7
What is the units digit of 49051?
1
What is the hundreds digit of 4513?
5
What is the units digit of 21411?
1
What is the tens digit of 6593?
9
What is the tens digit of 5478?
7
What is the tens digit of 537?
3
What is the thousands digit of 20108?
0
What is the units digit of 15605?
5
What is the thousands digit of 7028?
7
What is the thousands digit of 47414?
7
What is the hundreds digit of 31469?
4
What is the tens digit of 451?
5
What is the units digit of 2548?
8
What is the units digit of 11866?
6
What is the ten thousands digit of 15901?
1
What is the units digit of 7981?
1
What is the units digit of 2245?
5
What is the units digit of 181393?
3
What is the tens digit of 20467?
6
What is the ten thousands digit of 10695?
1
What is the thousands digit of 36944?
6
What is the hundreds digit of 940?
9
What is the hundreds digit of 668?
6
What is the hundreds digit of 7746?
7
What is the units digit of 81738?
8
What is the thousands digit of 6636?
6
What is the thousands digit of 3357?
3
What is the tens digit of 3642?
4
What is the hundreds digit of 94156?
1
What is the tens digit of 5175?
7
What is the tens digit of 44295?
9
What is the units digit of 65704?
4
What is the thousands digit of 5512?
5
What is the hundred thousands digit of 102951?
1
What is the